to base 10
-1048451
-1017892 (base 13) to base 14
-90b83a
Convert 1517578 (base 10) to base 3.
2212002201121
Convert -420a (base 14) to base 11.
-8604
What is -dcd78 (base 14) in base 2?
-10000010100111001110
202211021220111 (base 3) to base 12
3858a4a
What is 3031140 (base 7) in base 11?
2269a1
Convert 54064 (base 11) to base 10.
78599
What is -430150325 (base 6) in base 15?
-9e8b38
Convert 11011110110100000010 (base 2) to base 9.
1640816
What is -10111114130 (base 5) in base 8?
-47073722
1313261 (base 11) to base 16
22b179
Convert 1270ba (base 12) to base 4.
1021313032
What is 195ec (base 16) in base 15?
20bcb
Convert -311143204 (base 5) to base 8.
-4663577
What is -82676 (base 10) in base 15?
-1976b
What is 344aa7 (base 13) in base 15?
197078
1010110111001000100111 (base 2) to base 13
788c9b
Convert 2136314 (base 7) to base 4.
333312110
Convert -5552066 (base 10) to base 7.
-65122532
-5d28d3 (base 16) to base 8
-27224323
What is 5a761 (base 12) in base 13?
4371a
209237a (base 11) to base 10
3678003
Convert -49bc6d (base 16) to base 14.
-8db0cd
What is 11031321211 (base 5) in base 4?
231230230210
What is -183802 (base 13) in base 6?
-21005314
Convert -41b0e (base 16) to base 8.
-1015416
What is -98272a (base 12) in base 15?
-329084
11566462 (base 8) to base 11
1492743
4041113 (base 5) to base 2
1111111010000110
Convert -1022011010010 (base 3) to base 4.
-2220323001
Convert 21cc93 (base 13) to base 4.
3003032223
What is -1560655 (base 7) in base 12?
-a52b4
What is 455427 (base 9) in base 4?
1002221203
100101010000111111 (base 2) to base 4
211100333
What is -245245442 (base 6) in base 8?
-22036442
What is 244431444 (base 5) in base 15?
181dd4
What is 12735573 (base 8) in base 7?
33234545
5471535 (base 8) to base 3
2202202021112
What is aef03 (base 16) in base 3?
1100101220210
What is -479ce (base 15) in base 3?
-102121020012
Convert -ca9c4 (base 15) to base 7.
-5316655
-294902 (base 13) to base 5
-224304241
What is -12002201122101 (base 3) in base 11?
-1591807
244134421 (base 5) to base 7
12606231
Convert 11312504 (base 6) to base 2.
1010101111001011000
Convert -1b739b (base 16) to base 12.
-729163
Convert 1a6b3c (base 15) to base 9.
2373323
Convert 5aa779 (base 11) to base 16.
ebd14
What is -110223321323 (base 4) in base 10?
-5422715
Convert 6141644 (base 7) to base 16.
b2f2e
What is 65487a (base 14) in base 16?
345cfc
What is 2887c (base 16) in base 6?
3320324
What is 2844 (base 9) in base 14?
ad4
Convert -1214622 (base 7) to base 11.
-a6794
Convert -3433334112 (base 5) to base 3.
-112111221212022
504909 (base 12) to base 11
785a25
-534703 (base 10) to base 16
-828af
11857a (base 15) to base 8
3145140
3ba68 (base 15) to base 2
101110101101110100
Convert -41141250 (base 6) to base 11.
-736345
What is 115a66 (base 12) in base 9?
465636
-2545655 (base 7) to base 12
-13b662
Convert 155aaa1 (base 11) to base 12.
a86064
Convert -101100011110001111 (base 2) to base 11.
-11494a
-30249 (base 11) to base 4
-22302322
Convert 5312ca (base 14) to base 10.
2807682
What is 283b63 (base 12) in base 2?
10100011101010111011
-21410213 (base 5) to base 6
-3544430
243325 (base 7) to base 4
22311331
-9ab88 (base 12) to base 13
-7276a
What is 9860a1 (base 12) in base 9?
4481844
Convert 723564 (base 9) to base 14.
b2551
Convert -1262784 (base 9) to base 7.
-5605411
-33211300203 (base 4) to base 10
-4086819
-2240141 (base 5) to base 15
-bceb
-6275b (base 15) to base 8
-1141541
-7795b5 (base 15) to base 13
-1248290
101222120121111 (base 3) to base 4
112101023230
-457773 (base 8) to base 7
-1215525
Convert 669884 (base 10) to base 13.
1a5ba7
332242000 (base 5) to base 7
15203126
726bb (base 16) to base 14
c2b23
What is 115104235 (base 7) in base 5?
3320214032
17d1c (base 16) to base 2
10111110100011100
What is 2000500 (base 6) in base 9?
152220
Convert 10121012 (base 5) to base 14.
22184
What is 1045852 (base 10) in base 11?
654845
What is -126ac (base 13) in base 14?
-c607
What is -550512104 (base 6) in base 13?
-2066158
What is 1604123 (base 7) in base 5?
24014204
3899b5 (base 12) to base 2
11100010111001011001
-57b694 (base 13) to base 6
-112341250
1222200212 (base 3) to base 10
39146
What is -15f69 (base 16) in base 12?
-44089
Convert -11111110000011000000 (base 2) to base 14.
-1d130c
Convert -3110433 (base 6) to base 5.
-14233310
What is 29468 (base 12) in base 9?
87108
Convert 11100001001001011111000 (base 2) to base 5.
3342041111
2110112303 (base 4) to base 16
945b3
248069 (base 10) to base 2
111100100100000101
What is -5272 (base 8) in base 12?
-170a
What is 45791 (base 16) in base 13?
9c6a4
Convert -132101201 (base 4) to base 3.
-20022002122
Convert -7a498 (base 14) to base 11.
-193386
What is 23423022 (base 6) in base 4?
2303033312
-31545366 (base 7) to base 2
-1010001111001110110011
What is -1d0a3 (base 14) in base 8?
-220767
-253011 (base 9) to base 13
-548bc
1010000110000111000000 (base 2) to base 10
2646464
What is 212201120 (base 4) in base 16?
26858
Convert 24336a (base 13) to base 15.
121011
Convert -10377734 (base 8) to base 10.
-2228188
Convert 2018596 (base 10) to base 2.
111101100110100100100
Convert 10021003211 (base 4) to base 12.
444345
What is -655156 (base 8) in base 14?
-5a130
Convert 3111003331 (base 4) to base 7.
10263214
2022220220120 (base 3) to base 10
1238505
Convert -1310230121 (base 4) to base 3.
-220021122212
What is d015ea (base 15) in base 2?
100101101011010001110011
101020210010210 (base 3) to base 7
64210101
-8521a22 (base 11) to base 13
-3156b1b
What is -475ac7 (base 14) in base 12?
-995913
11100000001011 (base 2) to base 8
34013
53403204 (base 6) to base 7
16233364
-1131103111 (base 4) to base 13
-104c44
Convert -be29 (base 16) to base 13.
-19209
What is -188729 (base 11) in base 16?
-46ba9
Convert 365a6 (base 12) to base 11.
50188
100111100111001010101010 (base 2) to base 5
10124242132
What is 6745377 (base 8) in base 6?
103012331
10134043 (base 5) to base 15
19bb8
13745627 (base 10) to base 5
12004330002
-546781 (base 9) to base 7
-2526622
fccf (base 16) to base 8
176317
What is -2405144 (base 6) in base 12?
-607b4
What is 2664573 (base 9) in base 12?
5a4a49
Convert -641500 (base 7) to base 11.
-76470
-f6ea99 (base 16) to base 4
-331232222121
What is 811026 (base 14) in base 5?
2103000121
What is 10110111110101 (base 2) in base 4?
2313311
Convert -3304140 (base 6) to base 12.
-7b050
Convert 610621 (base 7) to base 11.
70889
Convert 22022004 (base 6) to base 12.
277904
What is 3000132202 (base 4) in base 13?
217b01
What is 533525 (base 8) in base 5?
21144010
What is -1995d3 (base 14) in base 11?
-5712a4
Convert -7210675 (base 8) to base 4.
-13101012331
-a37d9c (base 14) to base 10
-5515382
26343386 (base 9) to base 3
220101110102220
-2433413210 (base 5) to base 3
-101211211010000
What is -111863b (base 12) in base 10?
-3270287
What is -886af (base 16) in base 2?
-10001000011010101111
Convert 2544d (base 16) to base 8.
452115
352096 (base 14) to base 4
12322023210
-23031032 (base 5) to base 6
-4221422
What is 70667 (base 8) in base 10?
29111
What is -1324334114 (base 6) in base 10?
-15891166
23200330100 (base 4) to base 9
5610552
What is 2055020 (base 7) in base 10?
249032
What is -cbc961 (base 13) in base 7?
-55531215
Convert 1101101002200 (base 3) to base 14.
152133
What is 233b20 (base 13) in base 6?
25533453
Convert 141275 (base 9) to base 3.
11101022112
Convert -5e140 (base 16) to base 15.
-79299
Convert aa6190 (base 15) to base 8.
36764442
4278917 (base 10) to base 6
231413445
-6265436 (base 7) to base 13
-206066
-24314122 (base 6) to base 7
-6363554
What is 142403 (base 7) in base 6?
330212
14662b (base 16) to base 10
1336875
-16147042 (base 9) to base 13
-1893758
-152200353 (base 6) to base 2
-1100001010011001001101
-a852 (base 12) to base 2
-100100000111110
Convert 181252 (base 13) to base 10.
602383
240060632 (base 7) to base 11
8415423
-201311 (base 5) to base 9
-8763
What is -847945 (base 14) in base 4?
-101011011221
Convert -1043443011 (base 5) to base 14.
-4484d3
What is 452553 (base 8) in base 3?
21202210102
-25627 (base 9) to base 2
-100001101111110
What is -11212101021 (base 3) in base 5?
-11031101
-8b333 (base 13) to base 10
-253204
Convert 340302133 (base 5) to base 7.
15461545
What is 221003333331 (bas